{"id":111,"date":"2021-09-01T13:00:25","date_gmt":"2021-09-01T11:00:25","guid":{"rendered":"https:\/\/vilaghir.com\/?page_id=111"},"modified":"2021-09-23T17:46:28","modified_gmt":"2021-09-23T15:46:28","slug":"a-2015-os-parizsi-terrortamadas-pere","status":"publish","type":"page","link":"https:\/\/vilaghir.com\/index.php\/a-2015-os-parizsi-terrortamadas-pere\/","title":{"rendered":"A 2015-\u00f6s p\u00e1rizsi terrort\u00e1mad\u00e1s pere"},"content":{"rendered":"\n<p>2015. november 13-\u00e1n h\u00e1rom terrorkommand\u00f3 \u00f6sszehangolt t\u00e1mad\u00e1ssorozatot hajtott v\u00e9gre P\u00e1rizsban. A Stade de France nemzeti stadionn\u00e1l h\u00e1rom \u00f6ngyilkos mer\u00e9nyl\u0151 felrobbantotta mag\u00e1t, m\u00edg P\u00e1rizs belv\u00e1ros\u00e1ban egy m\u00e1sik h\u00e1romtag\u00fa osztag l\u00e9pett akci\u00f3ba, a &nbsp;X. \u00e9s a XI. ker\u00fcletben hat k\u00e1v\u00e9h\u00e1z, b\u00e1r \u00e9s \u00e9tterem terasz\u00e1n meg\u00f6ltek 39 embert. Ek\u00f6zben egy harmadik kommand\u00f3 behatolt a Bataclan nev\u0171 koncertterembe, ahol h\u00e1rom dzsihadista kilencven embert \u00f6lt meg \u00e9s csaknem h\u00e9tsz\u00e1zat megsebes\u00edtett. A Sz\u00edri\u00e1b\u00f3l szervezett mer\u00e9nyletsorozatot az Iszl\u00e1m \u00c1llam terrorszervezet v\u00e1llalta mag\u00e1ra, ennek egy Belgiumban ki\u00e9p\u00edtett csoportja hajtotta v\u00e9gre a t\u00e1mad\u00e1sokat. Ugyanez a h\u00e1l\u00f3zat csapott le n\u00e9gy h\u00f3nappal k\u00e9s\u0151bb Br\u00fcsszelben, ahol 32-en vesztett\u00e9k \u00e9let\u00fcket.<\/p>\n\n\n\n<div style=\"height:10px\" aria-hidden=\"true\" class=\"wp-block-spacer\"><\/div>\n\n\n\n<h2 class=\"wp-block-heading\">Stade de France<\/h2>\n\n\n\n<p><em>21 \u00f3ra<\/em>: A P\u00e1rizs melletti Saint-Denis-ben, a Stade de France nemzeti stadionban mintegy 80 ezer n\u00e9z\u0151, k\u00f6zt\u00fck Fran\u00e7ois Hollande \u00e1llamf\u0151 jelenl\u00e9t\u00e9ben megkezd\u0151dik a Franciaorsz\u00e1g-N\u00e9metorsz\u00e1g bar\u00e1ts\u00e1gos labdar\u00fag\u00f3m\u00e9rk\u0151z\u00e9s.<\/p>\n\n\n\n<p><em>21 \u00f3ra 16 perc<\/em>: A stadion D kapuj\u00e1nak k\u00f6zel\u00e9ben egy \u00f6ngyilkos mer\u00e9nyl\u0151 m\u0171k\u00f6d\u00e9sbe hozza robban\u00f3\u00f6v\u00e9t. Rajta k\u00edv\u00fcl egy portug\u00e1l f\u00e9rfi hal bele a robbant\u00e1sba. A m\u00e9rk\u0151z\u00e9s folytat\u00f3dik.<\/p>\n\n\n\n<p><em>21 \u00f3ra 20 perc<\/em>: Egy m\u00e1sodik terrorista is v\u00e9gez mag\u00e1val a H kapun\u00e1l, egy egyiptomi \u00e1llampolg\u00e1r s\u00falyosan megs\u00e9r\u00fcl. A robban\u00e1s zaja visszhangzik a stadionban, de a b\u00edr\u00f3 nem f\u00fajja le a meccset. A t\u00e9v\u00e9komment\u00e1torok g\u00e1zrobban\u00e1st sejtenek.<\/p>\n\n\n\n<p><em>21 \u00f3ra 53 perc<\/em>: Egy harmadik \u00f6ngyilkos mer\u00e9nyl\u0151 is felrobbantja mag\u00e1t a stadiont\u00f3l &nbsp;500 m\u00e9terre. \u00d6tvenen megs\u00e9r\u00fclnek. Francois Hollande \u00e1llamf\u0151t a biztons\u00e1gi szolg\u00e1lat diszkr\u00e9ten kimenek\u00edti a n\u00e9z\u0151t\u00e9rr\u0151l, \u00fcgyelve arra, hogy ne t\u00f6rj\u00f6n ki p\u00e1nik. Hollande a lebonyol\u00edt\u00e1s\u00e9rt felel\u0151s illet\u00e9kesekkel egy\u00fctt \u00fagy d\u00f6nt, hogy nem szak\u00edtj\u00e1k f\u00e9lbe a m\u00e9rk\u0151z\u00e9st \u00e9s nem \u00fcr\u00edtik ki a stadiont. A be- \u00e9s kij\u00e1ratokat azonban lez\u00e1rj\u00e1k. A m\u00e9rk\u0151z\u00e9s v\u00e9g\u00e9n a n\u00e9z\u0151k a p\u00e1ly\u00e1n v\u00e1rakoznak t\u00f6bb \u00f3r\u00e1n \u00e1t.&nbsp;&nbsp;<\/p>\n\n\n\n<p>A mer\u00e9nyl\u0151ket a helysz\u00ednre sz\u00e1ll\u00edt\u00f3 Salah Abdeslam elmenek\u00fcl, n\u00e9gy h\u00f3nappal k\u00e9s\u0151bb Br\u00fcsszelben tart\u00f3ztatj\u00e1k le.<\/p>\n\n\n\n<div style=\"height:10px\" aria-hidden=\"true\" class=\"wp-block-spacer\"><\/div>\n\n\n\n<h2 class=\"wp-block-heading\">Teraszkommand\u00f3<\/h2>\n\n\n\n<p><em>21 \u00f3ra 24 perc<\/em>: A stadion elleni t\u00e1mad\u00e1sokkal egyid\u0151ben h\u00e1rom f\u00e9rfi g\u00e9pkocsival a belv\u00e1rosba tart, a X. ker\u00fcletben meg\u00e1llnak a rue Alibert \u00e9s a rue Bichat sark\u00e1n az \u00fat k\u00f6zep\u00e9n, a <em>Le Carillon<\/em> b\u00e1r \u00e9s a <em>Le Petit Cambodge<\/em> \u00e9tterem k\u00f6z\u00f6tt, \u00e9s g\u00e9pfegyverb\u0151l t\u00fczet nyitnak a vend\u00e9gekre. 13 halott, k\u00f6zt\u00fck 10 fiatal n\u0151. Francia, amerikai, n\u00e9met, sv\u00e9d, marokk\u00f3i, mali di\u00e1kok.<\/p>\n\n\n\n<p><em>21 \u00f3ra 26 perc<\/em>: A h\u00e1rom terrorista tov\u00e1bbhajt a rue Faubourg-du-Temple \u00e9s a rue Fontaine-du-Roi sark\u00e1hoz, ahol a <em>La Bonne Biere<\/em> b\u00e1r \u00e9s a <em>Casa Nostra<\/em> \u00e9tterem terasz\u00e1n \u00fcl\u0151ket veszik c\u00e9lba. \u00d6t halott.&nbsp;<\/p>\n\n\n\n<p><em>21 \u00f3ra 36 perc<\/em>: A kommand\u00f3 a rue Charonne-ban l\u00e9v\u0151 <em>La Belle \u00c9quipe<\/em> \u00e9tterem el\u0151tt \u00fajra meg\u00e1ll, \u00e9s meg\u00f6li a teraszon \u00fcl\u0151 21 embert.&nbsp;&nbsp;<\/p>\n\n\n\n<p><em>21 \u00f3ra 41 perc<\/em>: H\u00e1rm\u00f3juk k\u00f6z\u00fcl az egyik terrorista bes\u00e9t\u00e1l a boulevard Voltaire-en tal\u00e1lhat\u00f3 <em>Le Comptoir Voltaire<\/em> b\u00e1rba \u00e9s a pultn\u00e1l m\u0171k\u00f6d\u00e9sbe hozza a robban\u00f3\u00f6v\u00e9t. Sz\u00f6rnyethal \u00e9s t\u00f6bbeket megsebes\u00edt. <\/p>\n\n\n\n<p>A m\u00e1sik k\u00e9t dzsihadista elmenek\u00fcl. \u00d6t nappal k\u00e9s\u0151bb Saint-Denis-ben egy b\u00e9relt lak\u00e1sban lecsapnak r\u00e1juk a kommand\u00f3sok, \u00e9s a helysz\u00ednen meg\u00f6lik \u0151ket.<\/p>\n\n\n\n<div style=\"height:10px\" aria-hidden=\"true\" class=\"wp-block-spacer\"><\/div>\n\n\n\n<h2 class=\"wp-block-heading\">Bataclan<\/h2>\n\n\n\n<p><em>21 \u00f3ra 47 perc<\/em>: H\u00e1rom fegyveres behatol a boulevard Voltaire-en tal\u00e1lhat\u00f3 <em>Bataclan<\/em> koncertterembe, ahol az \u201eEagles of Death Metal\u201d rockegy\u00fcttes j\u00e1tszik 1500 ember el\u0151tt. A terrorist\u00e1k h\u00e1rom embert meg\u00f6lnek a Bataclan b\u00e1rj\u00e1ban, majd bemennek a terembe, ahol f\u00e9l \u00f3r\u00e1ja tart a koncert, \u00e9s t\u00fczet nyitnak a t\u00f6megre. T\u00f6bben kimenek\u00fclnek a v\u00e9szkij\u00e1raton, sokan az emeleten keresnek mened\u00e9ket.<\/p>\n\n\n\n<p><em>21 \u00f3ra 50 perc<\/em>: Helysz\u00ednre \u00e9rkeznek a rend\u0151r\u00f6k \u00e9s a ment\u0151k, de nem mennek be a Bataclanba, amelyet \u201eh\u00e1bor\u00fas terepnek\u201d min\u0151s\u00edtenek.&nbsp;<\/p>\n\n\n\n<p><em>21 \u00f3ra 57 perc<\/em>: Egy rend\u0151rnyomoz\u00f3 bemegy az \u00e9p\u00fcletbe, \u00e9s pisztoly\u00e1val lel\u00f6vi az egyik terrorist\u00e1t. A m\u00e1sik k\u00e9t fegyveres ekkor abbahagyja a v\u00e9rengz\u00e9st, \u00e9s h\u00fasz t\u00fasszal elbarik\u00e1dozza mag\u00e1t az emeleti folyos\u00f3n.<\/p>\n\n\n\n<p><em>22 \u00f3ra 20 perc<\/em>: Tizen\u00f6t rend\u0151r bejut a Bataclanba, \u00e9s siker\u00fcl a f\u00f6ldszintr\u0151l t\u00f6bb tucat n\u00e9z\u0151t kimenek\u00edteni\u00fck.<\/p>\n\n\n\n<p><em>\u00c9jf\u00e9lkor<\/em> Francois Hollande \u00e1llamf\u0151 kihirdeti a rendk\u00edv\u00fcli \u00e1llapotot.<\/p>\n\n\n\n<p><em>0 \u00f3ra 18 perc<\/em>: A kommand\u00f3sok ostrom al\u00e1 veszik az \u00e9p\u00fcletet, \u00e9s az \u00f6sszes t\u00faszt s\u00e9rtetlen\u00fcl kimenek\u00edtik, a k\u00e9t t\u00faszejt\u0151 dzsihadist\u00e1t meg\u00f6lik. A Bataclan elleni t\u00e1mad\u00e1sban kilencvenen vesztett\u00e9k \u00e9let\u00fcket.<\/p>\n\n\n\n<p><\/p>\n\n\n\n<p><strong>A mer\u00e9nyletsorozatban h\u00e1rom \u00f3ra leforg\u00e1sa alatt \u00f6sszesen 130 embert \u00f6ltek meg, \u00e9s 875-en megsebes\u00fcltek<\/strong>. \u00a0\u00a0<\/p>\n\n\n\n<div class=\"wp-block-image\"><figure class=\"aligncenter size-large\"><img loading=\"lazy\" decoding=\"async\" width=\"916\" height=\"1024\" src=\"http:\/\/vilaghir.com\/wp-content\/uploads\/2021\/09\/terkep-916x1024.jpg\" alt=\"\" class=\"wp-image-258\" srcset=\"https:\/\/vilaghir.com\/wp-content\/uploads\/2021\/09\/terkep-916x1024.jpg 916w, https:\/\/vilaghir.com\/wp-content\/uploads\/2021\/09\/terkep-268x300.jpg 268w, https:\/\/vilaghir.com\/wp-content\/uploads\/2021\/09\/terkep-768x859.jpg 768w, https:\/\/vilaghir.com\/wp-content\/uploads\/2021\/09\/terkep-300x335.jpg 300w, https:\/\/vilaghir.com\/wp-content\/uploads\/2021\/09\/terkep-850x950.jpg 850w, https:\/\/vilaghir.com\/wp-content\/uploads\/2021\/09\/terkep.jpg 1100w\" sizes=\"auto, (max-width: 916px) 100vw, 916px\" \/><figcaption><em>Forr\u00e1s: https:\/\/www.nouvelobs.com\/<\/em><\/figcaption><\/figure><\/div>\n","protected":false},"excerpt":{"rendered":"<p>2015. november 13-\u00e1n h\u00e1rom terrorkommand\u00f3 \u00f6sszehangolt t\u00e1mad\u00e1ssorozatot hajtott v\u00e9gre P\u00e1rizsban. A Stade de France nemzeti stadionn\u00e1l h\u00e1rom \u00f6ngyilkos mer\u00e9nyl\u0151 felrobbantotta mag\u00e1t, m\u00edg P\u00e1rizs belv\u00e1ros\u00e1ban egy m\u00e1sik h\u00e1romtag\u00fa osztag l\u00e9pett akci\u00f3ba, a &nbsp;X. \u00e9s a XI. ker\u00fcletben hat k\u00e1v\u00e9h\u00e1z, b\u00e1r \u00e9s \u00e9tterem terasz\u00e1n meg\u00f6ltek 39 embert. Ek\u00f6zben egy harmadik kommand\u00f3 behatolt a Bataclan nev\u0171 koncertterembe, ahol&#8230;<\/p>\n","protected":false},"author":1,"featured_media":0,"parent":0,"menu_order":0,"comment_status":"closed","ping_status":"closed","template":"","meta":{"om_disable_all_campaigns":false,"_monsterinsights_skip_tracking":false,"_monsterinsights_sitenote_active":false,"_monsterinsights_sitenote_note":"","_monsterinsights_sitenote_category":0,"spay_email":"","footnotes":""},"class_list":["post-111","page","type-page","status-publish","hentry"],"_links":{"self":[{"href":"https:\/\/vilaghir.com\/index.php\/wp-json\/wp\/v2\/pages\/111","targetHints":{"allow":["GET"]}}],"collection":[{"href":"https:\/\/vilaghir.com\/index.php\/wp-json\/wp\/v2\/pages"}],"about":[{"href":"https:\/\/vilaghir.com\/index.php\/wp-json\/wp\/v2\/types\/page"}],"author":[{"embeddable":true,"href":"https:\/\/vilaghir.com\/index.php\/wp-json\/wp\/v2\/users\/1"}],"replies":[{"embeddable":true,"href":"https:\/\/vilaghir.com\/index.php\/wp-json\/wp\/v2\/comments?post=111"}],"version-history":[{"count":16,"href":"https:\/\/vilaghir.com\/index.php\/wp-json\/wp\/v2\/pages\/111\/revisions"}],"predecessor-version":[{"id":400,"href":"https:\/\/vilaghir.com\/index.php\/wp-json\/wp\/v2\/pages\/111\/revisions\/400"}],"wp:attachment":[{"href":"https:\/\/vilaghir.com\/index.php\/wp-json\/wp\/v2\/media?parent=111"}],"curies":[{"name":"wp","href":"https:\/\/api.w.org\/{rel}","templated":true}]}}

A 2015-ös párizsi terrortámadás pere

<p>2015. november 13-án három terrorkommandó összehangolt támadássorozatot hajtott végre Párizsban. A Stade de France nemzeti stadionnál három öngyilkos merénylő felrobbantotta magát, míg Párizs belvárosában egy másik háromtagú osztag lépett akcióba, a &nbsp;X. és a XI. kerületben hat kávéház, bár és étterem teraszán megöltek 39 embert. Eközben egy harmadik kommandó behatolt a Bataclan nevű koncertterembe, ahol három dzsihadista kilencven embert ölt meg és csaknem hétszázat megsebesített. A Szíriából szervezett merényletsorozatot az Iszlám Állam terrorszervezet vállalta magára, ennek egy Belgiumban kiépített csoportja hajtotta végre a támadásokat. Ugyanez a hálózat csapott le négy hónappal később Brüsszelben, ahol 32-en vesztették életüket.</p>



<div style="height:10px" aria-hidden="true" class="wp-block-spacer"></div>



<h2 class="wp-block-heading">Stade de France</h2>



<p><em>21 óra</em>: A Párizs melletti Saint-Denis-ben, a Stade de France nemzeti stadionban mintegy 80 ezer néző, köztük François Hollande államfő jelenlétében megkezdődik a Franciaország-Németország barátságos labdarúgómérkőzés.</p>



<p><em>21 óra 16 perc</em>: A stadion D kapujának közelében egy öngyilkos merénylő működésbe hozza robbanóövét. Rajta kívül egy portugál férfi hal bele a robbantásba. A mérkőzés folytatódik.</p>



<p><em>21 óra 20 perc</em>: Egy második terrorista is végez magával a H kapunál, egy egyiptomi állampolgár súlyosan megsérül. A robbanás zaja visszhangzik a stadionban, de a bíró nem fújja le a meccset. A tévékommentátorok gázrobbanást sejtenek.</p>



<p><em>21 óra 53 perc</em>: Egy harmadik öngyilkos merénylő is felrobbantja magát a stadiontól &nbsp;500 méterre. Ötvenen megsérülnek. Francois Hollande államfőt a biztonsági szolgálat diszkréten kimenekíti a nézőtérről, ügyelve arra, hogy ne törjön ki pánik. Hollande a lebonyolításért felelős illetékesekkel együtt úgy dönt, hogy nem szakítják félbe a mérkőzést és nem ürítik ki a stadiont. A be- és kijáratokat azonban lezárják. A mérkőzés végén a nézők a pályán várakoznak több órán át.&nbsp;&nbsp;</p>



<p>A merénylőket a helyszínre szállító Salah Abdeslam elmenekül, négy hónappal később Brüsszelben tartóztatják le.</p>



<div style="height:10px" aria-hidden="true" class="wp-block-spacer"></div>



<h2 class="wp-block-heading">Teraszkommandó</h2>



<p><em>21 óra 24 perc</em>: A stadion elleni támadásokkal egyidőben három férfi gépkocsival a belvárosba tart, a X. kerületben megállnak a rue Alibert és a rue Bichat sarkán az út közepén, a <em>Le Carillon</em> bár és a <em>Le Petit Cambodge</em> étterem között, és gépfegyverből tüzet nyitnak a vendégekre. 13 halott, köztük 10 fiatal nő. Francia, amerikai, német, svéd, marokkói, mali diákok.</p>



<p><em>21 óra 26 perc</em>: A három terrorista továbbhajt a rue Faubourg-du-Temple és a rue Fontaine-du-Roi sarkához, ahol a <em>La Bonne Biere</em> bár és a <em>Casa Nostra</em> étterem teraszán ülőket veszik célba. Öt halott.&nbsp;</p>



<p><em>21 óra 36 perc</em>: A kommandó a rue Charonne-ban lévő <em>La Belle Équipe</em> étterem előtt újra megáll, és megöli a teraszon ülő 21 embert.&nbsp;&nbsp;</p>



<p><em>21 óra 41 perc</em>: Hármójuk közül az egyik terrorista besétál a boulevard Voltaire-en található <em>Le Comptoir Voltaire</em> bárba és a pultnál működésbe hozza a robbanóövét. Szörnyethal és többeket megsebesít. </p>



<p>A másik két dzsihadista elmenekül. Öt nappal később Saint-Denis-ben egy bérelt lakásban lecsapnak rájuk a kommandósok, és a helyszínen megölik őket.</p>



<div style="height:10px" aria-hidden="true" class="wp-block-spacer"></div>



<h2 class="wp-block-heading">Bataclan</h2>



<p><em>21 óra 47 perc</em>: Három fegyveres behatol a boulevard Voltaire-en található <em>Bataclan</em> koncertterembe, ahol az „Eagles of Death Metal” rockegyüttes játszik 1500 ember előtt. A terroristák három embert megölnek a Bataclan bárjában, majd bemennek a terembe, ahol fél órája tart a koncert, és tüzet nyitnak a tömegre. Többen kimenekülnek a vészkijáraton, sokan az emeleten keresnek menedéket.</p>



<p><em>21 óra 50 perc</em>: Helyszínre érkeznek a rendőrök és a mentők, de nem mennek be a Bataclanba, amelyet „háborús terepnek” minősítenek.&nbsp;</p>



<p><em>21 óra 57 perc</em>: Egy rendőrnyomozó bemegy az épületbe, és pisztolyával lelövi az egyik terroristát. A másik két fegyveres ekkor abbahagyja a vérengzést, és húsz tússzal elbarikádozza magát az emeleti folyosón.</p>



<p><em>22 óra 20 perc</em>: Tizenöt rendőr bejut a Bataclanba, és sikerül a földszintről több tucat nézőt kimenekíteniük.</p>



<p><em>Éjfélkor</em> Francois Hollande államfő kihirdeti a rendkívüli állapotot.</p>



<p><em>0 óra 18 perc</em>: A kommandósok ostrom alá veszik az épületet, és az összes túszt sértetlenül kimenekítik, a két túszejtő dzsihadistát megölik. A Bataclan elleni támadásban kilencvenen vesztették életüket.</p>



<p></p>



<p><strong>A merényletsorozatban három óra leforgása alatt összesen 130 embert öltek meg, és 875-en megsebesültek</strong>.   </p>



<div class="wp-block-image"><figure class="aligncenter size-large"><img loading="lazy" decoding="async" width="916" height="1024" src="http://vilaghir.com/wp-content/uploads/2021/09/terkep-916x1024.jpg" alt="" class="wp-image-258" srcset="https://vilaghir.com/wp-content/uploads/2021/09/terkep-916x1024.jpg 916w, https://vilaghir.com/wp-content/uploads/2021/09/terkep-268x300.jpg 268w, https://vilaghir.com/wp-content/uploads/2021/09/terkep-768x859.jpg 768w, https://vilaghir.com/wp-content/uploads/2021/09/terkep-300x335.jpg 300w, https://vilaghir.com/wp-content/uploads/2021/09/terkep-850x950.jpg 850w, https://vilaghir.com/wp-content/uploads/2021/09/terkep.jpg 1100w" sizes="auto, (max-width: 916px) 100vw, 916px" /><figcaption><em>Forrás: https://www.nouvelobs.com/</em></figcaption></figure></div>

<p>2015. november 13-án három terrorkommandó összehangolt támadássorozatot hajtott végre Párizsban. A Stade de France nemzeti stadionnál három öngyilkos merénylő felrobbantotta magát, míg Párizs belvárosában egy másik háromtagú osztag lépett akcióba, a &nbsp;X. és a XI. kerületben hat kávéház, bár és étterem teraszán megöltek 39 embert. Eközben egy harmadik kommandó behatolt a Bataclan nevű koncertterembe, ahol&#8230;</p>
